55285?
2
What is the hundreds digit of 376885?
8
What is the thousands digit of 181903?
1
What is the hundreds digit of 3638412?
4
What is the hundred thousands digit of 5674498?
6
What is the ten millions digit of 18867234?
1
What is the hundreds digit of 3145594?
5
What is the units digit of 849870?
0
What is the tens digit of 271577?
7
What is the ten thousands digit of 1028057?
2
What is the hundreds digit of 95153?
1
What is the hundred thousands digit of 256659?
2
What is the millions digit of 7182336?
7
What is the hundreds digit of 179257?
2
What is the thousands digit of 59963?
9
What is the tens digit of 86113?
1
What is the tens digit of 58944?
4
What is the thousands digit of 287234?
7
What is the hundred thousands digit of 214686?
2
What is the ten thousands digit of 5859039?
5
What is the hundreds digit of 250073?
0
What is the thousands digit of 1122268?
2
What is the hundreds digit of 180658?
6
What is the ten thousands digit of 220168?
2
What is the tens digit of 424293?
9
What is the thousands digit of 1802359?
2
What is the thousands digit of 2021325?
1
What is the thousands digit of 4188729?
8
What is the tens digit of 725764?
6
What is the hundreds digit of 162860?
8
What is the ten thousands digit of 1922370?
2
What is the units digit of 417256?
6
What is the ten thousands digit of 1773314?
7
What is the ten millions digit of 19314748?
1
What is the hundred thousands digit of 2584051?
5
What is the hundreds digit of 970391?
3
What is the units digit of 65940?
0
What is the tens digit of 4534?
3
What is the tens digit of 2907336?
3
What is the tens digit of 1349444?
4
What is the millions digit of 2298420?
2
What is the units digit of 36416?
6
What is the ten millions digit of 12692387?
1
What is the tens digit of 793867?
6
What is the tens digit of 1454845?
4
What is the thousands digit of 875016?
5
What is the millions digit of 9306950?
9
What is the thousands digit of 17993666?
3
What is the units digit of 167170?
0
What is the units digit of 154602?
2
What is the ten thousands digit of 290421?
9
What is the thousands digit of 253180?
3
What is the units digit of 351182?
2
What is the thousands digit of 86981?
6
What is the hundreds digit of 476450?
4
What is the ten thousands digit of 7670574?
7
What is the ten thousands digit of 1052933?
5
What is the tens digit of 682436?
3
What is the units digit of 171460?
0
What is the hundreds digit of 570982?
9
What is the hundreds digit of 1209660?
6
What is the units digit of 2762329?
9
What is the hundred thousands digit of 5639782?
6
What is the millions digit of 1417335?
1
What is the tens digit of 14633746?
4
What is the thousands digit of 6109913?
9
What is the tens digit of 8082823?
2
What is the tens digit of 309970?
7
What is the thousands digit of 33667412?
7
What is the tens digit of 1870063?
6
What is the hundreds digit of 542136?
1
What is the units digit of 1060447?
7
What is the hundreds digit of 1528370?
3
What is the thousands digit of 732020?
2
What is the units digit of 5739?
9
What is the hundreds digit of 860898?
8
What is the hundreds digit of 15605?
6
What is the hundred thousands digit of 925914?
9
What is the ten thousands digit of 4662255?
6
What is the tens digit of 1778371?
7
What is the hundreds digit of 193794?
7
What is the thousands digit of 225612?
5
What is the units digit of 21812?
2
What is the millions digit of 2961681?
2
What is the thousands digit of 427084?
7
What is the units digit of 1563984?
4
What is the units digit of 4190253?
3
What is the hundred thousands digit of 895493?
8
What is the millions digit of 2206721?
2
What is the thousands digit of 22012383?
2
What is the hundred thousands digit of 377244?
3
What is the tens digit of 215029?
2
What is the ten thousands digit of 271854?
7
What is the ten thousands digit of 332852?
3
What is the hundred thousands digit of 836750?
8
What is the thousands digit of 2175758?
5
What is the hundred thousands digit of 1352066?
3
What is the hundred thousands digit of 323183?
3
What is the millions digit of 11304686?
1
What is the thousands digit of 2068510?
8
What is the ten thousands digit of 251365?
5
What is the hundreds digit of 2039066?
0
What is the millions digit of 2608342?
2
What is the ten thousands digit of 20411218?
1
What is the units digit of 149197?
7
What is the thousands digit of 261722?
1
What is the hundred thousands digit of 377082?
3
What is the thousands digit of 5806772?
6
What is the hundred thousands digit of 955728?
9
What is the thousands digit of 4317519?
7
What is the ten thousands digit of 1260380?
6
What is the hundred thousands digit of 756785?
7
What is the tens digit of 2464485?
8
What is the units digit of 568868?
8
What is the thousands digit of 729112?
9
What is the thousands digit of 1643160?
3
What is the hundred thousands digit of 102682?
1
What is the thousands digit of 755203?
5
What is the thousands digit of 79520?
9
What is the ten thousands digit of 369535?
6
What is the tens digit of 328341?
4
What is the thousands digit of 3270429?
0
What is the units digit of 419070?
0
What is the hundreds digit of 124419?
4
What is the tens digit of 486109?
0
What is the ten thousands digit of 6728448?
2
What is the millions digit of 2062022?
2
What is the tens digit of 12590253?
5
What is the tens digit of 1571359?
5
What is the millions digit of 4393798?
4
What is the tens digit of 78839?
3
What is the thousands digit of 986039?
6
What is the thousands digit of 517063?
7
What is the hundreds digit of 1281480?
4
What is the hundreds digit of 1095121?
1
What is the ten thousands digit of 261176?
6
What is the thousands digit of 6558706?
8
What is the ten thousands digit of 9865860?
6
What is the thousands digit of 403719?
3
What is the ten thousands digit of 30065193?
6
What is the hundreds digit of 8983000?
0
What is the hundreds digit of 1579220?
2
What is the ten millions digit of 23482187?
2
What is the hundred thousands digit of 9483677?
4
What is the ten thousands digit of 37689615?
8
What is the hundreds digit of 2938387?
3
What is the millions digit of 6902829?
6
What is the hundreds digit of 17012886?
8
What is the thousands digit of 20172568?
2
What is the millions digit of 3815295?
3
What is the thousands digit of 982354?
2
What is the ten thousands digit of 4871605?
7
What is the millions digit of 8036173?
8
What is the ten millions digit of 23260974?
2
What is the hundred thousands digit of 154107?
1
What is the millions digit of 1133084?
1
What is the thousands digit of 283934?
3
What is the tens digit of 585947?
4
What is the units digit of 33639?
9
What is the ten millions digit of 12779722?
1
What is the tens digit of 5620664?
6
What is the hundred thousands digit of 2385370?
3
What is the millions digit of 4291269?
4
What is the tens digit of 71193?
9
What is the tens digit of 1371329?
2
What is the thousands digit of 664957?
4
What is the units digit of 356724?
4
What is the hundreds digit of 860856?
8
What is the tens digit of 2392017?
1
What is the thousands digit of 86677?
6
What is the ten thousands digit of 4572074?
7
What is the hundreds digit of 90431?
4
What is the hundreds digit of 2851564?
5
What is the tens digit of 13989349?
4
What is the tens digit of 276327?
2
What is the millions digit of 1058054?
1
What is the ten thousands digit of 6099855?
9
What is the tens digit of 215578?
7
What is the units digit of 56201?
1
What is the thousands digit of 2890166?
0
What is the tens digit of 170755?
5
What is the tens digit of 2733665?
6
What is the thousands digit of 202222?
2
What is the thousands digit of 1724304?
4
What is the thousands digit of 253124?
3
What is the hundreds digit of 194951?
9
What is the hundred thousands digit of 6329934?
3
What is the units digit of 3121522?
2
What is the tens digit of 505891?
9
What is the hundreds digit of 11450206?
2
What is the thousands digit of 40758?
0
What is the units digit of 407529?
9
What is the thousands digit of 1463183?
3
What is the thousands digit of 180447?
0
What is the ten thousands digit of 1339976?
3
What is the tens digit of 1267412?
1
What is the ten millions digit of 11025478?
1
What is the ten thousands digit of 4207208?
0
What is the units digit of 2630240?
0
What i